 k**5/20 - 7*k**4/4 - 20*k. Let c(q) be the third derivative of s(q). Calculate c(4).
6
Let x(w) = w**3 - 20*w**2 + 20*w - 20. Let u(n) = -4*n**2 + 73*n + 1. Let s be u(18). What is x(s)?
-1
Let h(v) = -v**3 + 5*v**2 - 5*v + 2. Let m(o) = 10*o + 315. Let j be m(-31). Give h(j).
-23
Let l(a) = a**2 - 5*a + 11. Let b(p) = p**2 - 4*p + 9. Let h(k) = 5*b(k) - 4*l(k). Let d = -6 + 8. Suppose 3*w = -5*u - 4, d*u - w + 6*w = 6. Give h(u).
5
Let a(q) = q**2 - q - 3. Suppose 2*c + u - 2 = 0, -5*c + 5*u - 16 = -6. Calculate a(c).
-3
Let d(v) = -4*v**3 - 4*v**2 + 3*v + 18. Let i(b) = -b**3 + b**2 + b + 1. Let p(r) = -d(r) + 5*i(r). Suppose -4*z = 4*t - 16, 5*t = -2*z + 22 - 29. Give p(z).
5
Let g(v) = 1 - v**3 + 2*v + 1 + 2*v**2 - 1. Suppose 2*t - 30 = -3*t. Suppose -t*h - 7 = -1. What is g(h)?
2
Suppose b = 3*p, 2*b - 4 - 5 = -3*p. Let u = 0 - -3. Let x(l) = -2*l**3 + 3*l**b - l - 3 - 2*l**u - 4*l**2. Calculate x(-4).
1
Suppose -8*l = -5*l - 21. Let x = 1 + l. Let u(h) = -h**3 + 8*h**2 + h - 10. What is u(x)?
-2
Let d(h) = -10*h + 3. Let u(k) = -11*k + 2. Let f(n) = 3*d(n) - 4*u(n). Let x(q) = 16*q - 193. Let l be x(12). Give f(l).
-13
Let w be ((-6)/5)/(8/620). Let c = w + 95. Let t(o) = 2*o**3 + 2*o**2 - 3*o + 1. What is t(c)?
19
Let v be (-2 - 3) + 3 - (-12 + 7 - 1). Let h(o) = o**3 - 4*o**2 + 9*o + 5. Let f(j) = -j**3 + 4*j**2 - 10*j - 6. Let y(w) = 6*f(w) + 7*h(w). Determine y(v).
11
Suppose 7*p + s = 3*p + 363, -4*p + 3*s = -351. Let c(l) = 49 + 43 - p - 6*l. What is c(-2)?
14
Let s(v) = -8*v**2 - 11*v - 29. Let w(x) = 26*x - 10 - 3*x**2 - 55*x + 25*x. Let t(l) = -4*s(l) + 11*w(l). Determine t(0).
6
Let o(s) be the third derivative of -s**6/120 - s**5/6 - 5*s**4/12 - 7*s**3/6 + s**2 + 98. Determine o(-9).
2
Let p = -331 - -332. Let u(i) be the first derivative of -7*i**2/2 - 1. Give u(p).
-7
Let x(n) be the first derivative of n**4/4 + n**3/3 - 3*n**2 - 3*n - 129. What is x(-4)?
-27
Let p(t) be the second derivative of -t**5/60 - 17*t**3/6 - 27*t**2/2 + 33*t. Let h(y) be the first derivative of p(y). What is h(0)?
-17
Let v = -10 + 19. Let r(j) = 2707*j + j**2 - 5411*j + 2695*j + 6. Calculate r(v).
6
Let g(b) = 89*b + 81*b - 4 - 167*b. Give g(5).
11
Suppose 5*d + 2*z = 10, 4*d - 8 = -3*z - 0. Let l be (-3 - -3)*d/(-4). Let u(c) = 2*c**3 + l*c**2 - c**2 + c + c**2 - 3*c**2. Calculate u(2).
6
Let l(r) = 66*r - 270*r + 67*r + 63*r + 72*r + 4. What is l(-11)?
26
Let i(y) = y**2 - 47*y + 278. Let r be i(7). Let k(m) = -17*m - 1. Calculate k(r).
33
Let f(m) = 38*m**2 + 3*m + 5. Let b(y) = -55*y**2 - 4*y - 7. Let u(k) = -5*b(k) - 7*f(k). Determine u(-1).
10
Suppose 0 = 3*h + s + 28, 4*h - s + 37 = -2*s. Let a be (-4)/((-2)/h*3). Let g(u) = -u - 5. Give g(a).
1
Let v be 11 + (5/(-40)*-8 - 7). Let d(x) be the third derivative of -1/24*x**4 + 1/12*x**v - 1/2*x**3 + 0 + 0*x - 1/120*x**6 + x**2. What is d(5)?
-8
Let f(x) = -16*x + 6*x - 820165*x**2 - 8 + 820164*x**2 + 20. Determine f(-12).
-12
Let x = -23 + 19. Let h be x/(-8)*-7*-2. Let n(f) = f**2 - 6*f - 4. Give n(h).
3
Let f(z) be the first derivative of 2*z**4 + z**2/2 - 3*z - 1. Let g = 81 + -79. Let m(u) = -u**3 + u - 1. Let n(a) = g*m(a) - f(a). Give n(-1).
10
Let h be (42/(-15) - -3) + 72/(-60). Let w(b) = -9*b**3 - 3*b - 3. Determine w(h).
9
Let s(m) = -7*m**2 - 9*m + 1. Let i(v) = -10*v**2 - 14*v + 1. Let k(g) = -5*i(g) + 7*s(g). Let l(j) = -j + 2. Let h be l(-10). Suppose -2*x = h - 2. Give k(x).
-8
Let c(t) = -17*t**2 - t**3 - 4*t + 1274 + 3*t - 1297. Give c(-17).
-6
Let c(x) = -8*x**2 - 30*x - 24. Let z(m) = 7*m**2 + 29*m + 23. Let w(d) = -5*c(d) - 6*z(d). What is w(-11)?
4
Let f(u) = 2*u. Let b(t) = -13 + 69*t**2 - t**3 - 73*t**2 - 2*t + 0*t**3. Let s be b(-4). Give f(s).
-10
Let y(g) = -5*g + 1. Let a(d) be the second derivative of -d**3/6 - 15*d. Let p(t) = 3*a(t) + y(t). Determine p(2).
-15
Let o(q) = -232*q - 6*q**2 + 7 + 233*q + 4. Let a(p) = -5*p**2 + 2*p + 10. Let j(f) = -7*a(f) + 6*o(f). Determine j(-5).
11
Let y(a) = -8*a**2 + 3*a**2 + 4*a**2 - 4. Let u = -1040 + 1040. Determine y(u).
-4
Let m(a) be the first derivative of a**4/4 + 5*a**3/3 + 11*a**2/2 + 23*a + 141. Calculate m(-4).
-5
Let x(v) be the first derivative of -3*v**4/4 - v**3/3 - 2*v + 1079. Calculate x(2).
-30
Let r(q) = 2*q**2 - 2*q. Let y(g) = -g**2 + 3*g - 2. Let j(d) = r(d) + y(d). What is j(6)?
40
Let h be 2/3 - 88/(-12). Suppose -2*b + h*b = 48. Let w(s) = -s**3 + 9*s**2 - 6*s - 8. Determine w(b).
8
Let t = 6 + 3. Let h be 3*7 + t/(-9). Suppose -h = -4*a, -3*q + q - 30 = -4*a. Let b(y) = -y. What is b(q)?
5
Let l(m) be the third derivative of -m**6/120 + m**5/20 + m**4/6 - m**2. Let d = 259 + -471. Let n = d - -216. Calculate l(n).
0
Let s be -5 + 1*44/4. Let d(h) = -h - 13. Let b(o) = 1. Let p(q) = s*b(q) + d(q). Determine p(-10).
3
Let l(x) = x - 4. Let z be (-1 + 3)/((-1)/22). Let n be (z/6)/(8/(-12)). Suppose 3 = -4*w + n. Determine l(w).
-2
Let s(x) = -x**2 - x. Let q be s(-2). Let i be (20/3)/((-54)/(-81)). Let b(t) = i - t**2 - 8 - 1 - 2*t. Give b(q).
1
Let z = -10 - -12. Let g be z/1 + 1*28. Suppose -g = -0*c + 5*c. Let l(p) = -p**3 - 5*p**2 + 7*p. Determine l(c).
-6
Let f(k) = -k**2 - k + 16. Let z = 319 - 319. Determine f(z).
16
Suppose -t + 2 = -2. Let g(o) = 2 - 4 - t + 22*o + 5. Determine g(-1).
-23
Let q(o) = 3*o**2 + 4*o**2 - o**2 + 8*o + 5 - o**3. Calculate q(7).
12
Let p(u) = u**3 - 3*u. Let h(t) = 4*t**2 - 78*t - 37. Let b be h(20). What is p(b)?
18
Let z(n) = -2*n**2 - 15*n - 6. Let p = 31 + -38. Let y be z(p). Let m(d) = 7*d**2 + d. Give m(y).
8
Suppose -5*t + 25 = -2*y - 50, -5 = -y. Let h = 19 - t. Let i(g) = 3*g**2 - 2*g + 1. Give i(h).
9
Let q(x) = -3*x - 9. Let r(p) = p + 4. Let k(z) = -4*q(z) - 9*r(z). Determine k(1).
3
Let f be (-4)/32 - 2125/(-40). Suppose -3*p - 12 = 5*b - 8, 4*p - 5*b - f = 0. Let l(w) = -w + 5. Determine l(p).
-2
Let c = 52 - 47. Let p(f) = f + 2. Give p(c).
7
Let u(g) be the second derivative of 1/2*g**2 + 1/6*g**3 - 28*g + 0 - 1/12*g**4. Calculate u(-2).
-5
Let o(s) = -s**2 + 5*s + 1. Let h(w) = 2*w + 4. Let u be h(0). Suppose 3*b - u*m - 11 = 0, 4*b - 7 - 25 = m. Suppose -6 = -5*g + b. Determine o(g).
7
Let y(v) be the first derivative of 2*v**2 - v - 12. Suppose 3*t - t = 0. Suppose 3*u - 2*u - 3 = t. Calculate y(u).
11
Let u(m) be the first derivative of -1/3*m**3 - 1 + 2*m + 2*m**2. Suppose -82*v = -93*v + 66. What is u(v)?
-10
Let c(y) = 2*y**3 - 2*y**2 - y + 2. Suppose 4*v = 2*v + 70. Suppose 5*q + 25 = v. Determine c(q).
8
Let s(i) = -14*i - 4. Let q(v) = -17*v - 5. Let o(w) = -5*q(w) + 6*s(w). Calculate o(0).
1
Let w(f) = f + 2. Let i be w(1). Let l(j) = j**3 - 5*j**2 + 3*j + 1. Calculate l(i).
-8
Let z be ((-6)/(-9))/((-4)/(1 + -13)). Let a(l) = -l**2 + 2 + z*l**2 + 92*l - 86*l. Let f = -3 - 1. Determine a(f).
-6
Let t(f) = -f + 6. Let g be 2 - (-5)/((-10)/(-6)). Suppose -5*d - g*n = -28 - 37, 1 = d - 3*n. Let v be (0 - -3)*d/6. What is t(v)?
1
Let j be 2/6*-1 + (-504)/(-216). Let w(z) = -6*z - 3. Let h(f) = -7*f - 2. Let l(c) = -4*h(c) + 3*w(c). Calculate l(j).
19
Suppose 5*d - 4*d = -2. Let r(g) = -3*g + 1 + 8*g**2 + 0*g**2 - 2 + 7*g**2 - 16*g**2. Determine r(d).
1
Let p(w) be the third derivative of 0 + 1/4*w**4 - 1/120*w**6 - 8*w**2 + 0*w - 1/15*w**5 + 1/6*w**3. Calculate p(-5).
-4
Suppose -83*r - 6 = -81*r. Let g(o) be the third derivative of o**4/12 + o**3/3 + 3*o**2. Determine g(r).
-4
Let r(b) = -2*b + 3. Let g(a) = 4*a - 3. Let l be g(2). Let c(t) = -t**3 + 5*t**2 - 4*t - 3. Let y be c(3). Suppose 6*f + y = l*f. Calculate r(f).
9
Let k(r) = -r**2 + 4*r + 4. Let t(c) = c**3 + 7*c**2 + c + 10. Let m be 34*((-3)/6 - -2). Let b be (-34)/m*21/2. Let o be t(b). Give k(o).
7
Suppose -215 + 157 + 188 = -13*y. Let g(c) = 4*c**2 - 16*c - 7. Let k(u) = 3*u**2 - 15*u - 8. Let m(b) = 4*g(b) - 5*k(b). What is m(y)?
2
Let s be (-9)/2*(-10)/3. Let c be 10/s*3/(-2). Let q(x) = -1 + 0*x + 4 - 4 - 2*x - 4*x**2. What is q(c)?
-3
Suppose -3*g + 5 = -5*f, 18 = 4*g - 2. Let k(j) = -252 + f*j - j + 252 + 6*j**2. Determine k(1).
7
Let d = -85 + 104. Suppose 0 = 3*p - 5*m - 10 - 18, -d = -4*p + 3*m. Let w(s) = -2*s**2 + s. What is w(p)?
-1
Let b(q) = -q**2 + 3*q - 1. Let d be b(1). Let x be ((-42)/(-63))/(1/6). Let r(w) = d - x*w**2 - w + w. Calculate r(-1).
-3
Let y be 